?
True
Suppose -1696 = -3*c - 5*c. Suppose q - 62 - c = 0. Is q composite?
True
Suppose 0 = 10*t - 60973 - 20037. Is t composite?
False
Suppose 26 - 5 = 3*j. Suppose j*o - 6*o = 4. Suppose 577 = 5*k + 2*i, -k = o*i - 0*i - 119. Is k a composite number?
True
Suppose -3*c + 112942 = 5*v, 3*v - 2 = -5. Is c a composite number?
False
Let u be -8275*(18/(-14) - (-6)/21). Suppose 0 = 16*j - 21*j + u. Is j composite?
True
Let f be (-2 - -1) + (-11)/(44/(-16)). Is (3676/6)/(f/(9/2)) prime?
True
Let a(h) be the second derivative of -4*h**2 + 1/6*h**4 + 0 + 8*h - 2*h**3. Is a(9) prime?
False
Let x be ((-36)/(-21))/(8/(-28)). Is (6750/x)/(-3) + 4 composite?
False
Is 9/(-6)*89510/(-15) a prime number?
True
Suppose -10*u - 8076 = -22*u. Is u a composite number?
False
Let b(q) = -50*q**3 - 5*q**2 - 4*q + 1. Let v = 5 + 3. Let f(a) = 75*a**3 + 8*a**2 + 6*a - 2. Let n(x) = v*b(x) + 5*f(x). Is n(-2) composite?
True
Suppose 0 = 2*r + l - 1857, r = -0*r - 4*l + 911. Let u = -378 + r. Is u a prime number?
False
Let x(v) = -v**2 + 4*v. Let h be x(3). Suppose 4*c = h*c + 170. Suppose 5*k - 5*f - c = 0, 4*f = 2*k + 3*f - 67. Is k a prime number?
False
Let i(p) be the third derivative of p**6/120 - p**5/12 + 7*p**4/24 + 3*p**3/2 - 6*p**2. Is i(8) a prime number?
True
Let m(i) be the third derivative of 0 + 5/24*i**4 - 1/10*i**5 - 1/60*i**6 + 0*i + 1/3*i**3 + 5*i**2. Is m(-5) composite?
True
Suppose 10 = m - 2*m - 5*v, -3*v = 4*m - 28. Is 1983 + -1*2/(-5)*m composite?
False
Let v(l) = l**2 + 6*l + 7. Let f be v(-4). Let a be -2*(f - 1) + 0. Suppose -a*t = -t - 2589. Is t prime?
True
Let p = -3 + 3. Suppose -625 = -7*j + 3*j - u, j = -4*u + 175. Is p + (j - -1) + 1 a prime number?
True
Is ((-3573)/(-4))/((-6)/(-64)) - 1 a prime number?
False
Let h = -1032 + 2849. Is h composite?
True
Suppose -12905 = 200*q - 205*q. Is q a composite number?
True
Let o(j) = -91*j**2 - 3*j + 1. Let h be o(2). Let s = 158 - -370. Let w = h + s. Is w composite?
True
Suppose -5*a + 3*a + 2*r = -4178, -8357 = -4*a + 3*r. Let q = a - -3419. Is q a composite number?
True
Let o = -6 + 4. Let f(h) = -73*h**3 + 2*h**2 + h - 3. Is f(o) a composite number?
False
Suppose -8*z = -3*z - 31550. Suppose 5*y - 3*s = -6270, 5*s = -7*y + 2*y - z. Is (y - 5)*(-2)/4 a prime number?
True
Let j(v) = 2*v**2 - 6 + 2*v**3 - 2*v**3 - 5*v**2 - 11*v + v**3. Is j(9) prime?
False
Suppose 18*i = -14*i + 94880. Is i a composite number?
True
Let t = 50 - 50. Is (1/3)/((t - 2)/(-3918)) a prime number?
True
Let f(q) = 2*q**2 - 5*q + 1. Let w be f(16). Suppose -5*p + 3*i = -0*i - 419, -w = -5*p - 4*i. Is p a composite number?
True
Let h be (-1)/7 - (-10)/70. Suppose -2*x - 2*b = -2646 - 1262, -b + 5 = h. Is x a prime number?
True
Let j be 1135/15*9 - 1. Let l be (-22)/(-4)*(-76)/2. Let n = l + j. Is n a composite number?
True
Let m(r) = -1 - r + 3 + 2 + 15*r**2 + 9*r. Let w be m(-6). Let n = 695 - w. Is n prime?
True
Let z = 4662 + -1213. Is z composite?
False
Let a be 1/(-1) - (-3 - 0). Suppose 2*s - 3*m - 139 = 0, 3*s + 3*m - a*m - 236 = 0. Is s a prime number?
False
Suppose -4*f + q - 103257 = -7*f, 5*f = 5*q + 172115. Suppose -11*n + f + 15487 = 0. Is n a prime number?
False
Let z = 20259 + -5072. Is z composite?
False
Let h be (4/6)/(4/12). Let i be ((-1)/h)/(6/(-204)). Let p = 84 - i. Is p a prime number?
True
Let c = -677 - -1666. Is c composite?
True
Let a(o) = 505*o + 9. Suppose 25 = 3*y - 2. Let z be a(y). Suppose 5*s = -959 + z. Is s a composite number?
False
Let z = 118 - 181. Suppose -f = -2*f + 96. Let b = z + f. Is b a prime number?
False
Suppose -10*t = -1313 + 123. Is t a composite number?
True
Let k = -19 + 23. Is 18/(-12) + 266/k composite?
True
Suppose 0 = -4*g - 3*r + 166, -2*r + 4*r - 168 = -4*g. Let j = 148 + g. Is j prime?
True
Let u(d) = -10709*d**3 + 3*d**2 - d - 2. Is u(-1) a prime number?
True
Let r be (-10788)/9 + (-8)/36*-3. Let u = -569 - r. Is u prime?
False
Let i(k) = -k**2 - 4*k + 16. Let j be i(-7). Let q = 2277 - 1464. Is ((-5)/j)/(3/q) a composite number?
False
Is 2/(-4)*(-634 + 20) composite?
False
Suppose 3*p - 3*l - 5229 = 0, 2*l + 20 = -3*l. Is p a composite number?
True
Let u(t) = t**3 - 3*t**2 - 5*t - 7. Let k be (-24)/36 + 42/9 + 2. Is u(k) a prime number?
True
Suppose -5*j - 6*w + w + 40065 = 0, -3*w = -4*j + 32024. Is j prime?
True
Let c(x) = 3*x**2 + 5*x + 9. Let v(u) = u**2 + 6*u - 6. Let b(y) = -5*y**2 - 25*y + 24. Let n(j) = 2*b(j) + 9*v(j). Let i be n(4). Is c(i) a composite number?
True
Suppose 2*r + 59071 = 4*f + 19613, 4*f - 39465 = -5*r. Is f a composite number?
True
Suppose -2*a - 5*o + 4*o = -1126, -2*a + 1126 = 3*o. Suppose -3*i = 2*i - 5*k - 2815, i = 4*k + a. Suppose -3*c + 40 = -i. Is c prime?
False
Let k = 32389 + -1118. Is k a prime number?
True
Let h be (-4 - -3)*(-2)/(-1). Let z be (-17)/(h*(-1)/(-262)). Suppose -2*o + 3*x + z = 0, -x + 2212 = 2*o + x. Is o a prime number?
True
Suppose 24332 - 8181 = 31*r. Is r a prime number?
True
Let l be 2/6 - (-8)/3. Let q(x) = -4*x - 8. Let o be q(-2). Suppose -r + 647 = l*n, -2*r = -2*n - o*n - 1278. Is r composite?
False
Suppose -2*z - 6*n + 29239 = -3*n, -n = 1. Is z a prime number?
True
Suppose 262 = 8*o - 354. Is o a composite number?
True
Suppose 56442 = 53*l - 47*l. Is l composite?
True
Let m(q) = -36*q + 16. Let f be m(-10). Let o = -233 + f. Is o a prime number?
False
Let c(k) = 110*k**2 + 2*k + 1. Let p be c(-1). Let j = 174 - p. Is j a composite number?
True
Suppose -5*y - 60108 = -9*y. Is y a prime number?
False
Let l(g) be the second derivative of 29*g**3/6 - 14*g**2 + 4*g. Is l(15) a composite number?
True
Suppose 5*q = 13*h - 15*h + 262261, h - q - 131148 = 0. Is h composite?
False
Let f(q) = -159*q**2 - q - 6. Let y be f(-3). Let i = -899 - y. Is i prime?
False
Let t be (470 - 4) + (-3 - -2). Suppose 0 = -2*c - 6, -5*c + 159 = -o - t. Let d = -332 - o. Is d a prime number?
True
Is 14/(13208/58383 + 4/(-18)) a prime number?
False
Suppose 0 = -5*f, -2*n = n - f + 42. Let c be 3/21 - (-30)/n. Is ((-492)/(-10))/(c/(-5)) prime?
False
Let i be (-1 + 15051)/2 - 15/15. Suppose 0*y + y + i = 2*u, -u = -5*y - 3771. Is u prime?
True
Let y be 651/91 + (-4)/26. Suppose -5*m = -y*m + 1398. Suppose 0 = -3*k + 3*l + 558, 4*k = -5*l - 0*l + m. Is k prime?
True
Suppose 6728 = 2*m - h - 4*h, 5*h - 6708 = -2*m. Is m prime?
True
Suppose -2*y + 0*y = -6. Is ((-21)/y)/28 - (-4458)/8 prime?
True
Let p(o) = -33*o**3 + 2*o**2 - 1. Let v be p(1). Let u be 83/2*100/50. Let h = v + u. Is h a prime number?
False
Suppose -4*g - g = -1770. Suppose -5*x = -3*k + g, -k + 104 = -x + 4*x. Is k composite?
False
Suppose 165 = 2*g + 3*h, -3*h + 373 = 3*g + 130. Let d = 265 - g. Is d a composite number?
True
Suppose -4*y - 77400 = -4*r, 2*r + 16*y - 13*y = 38695. Is r prime?
False
Is -1 - 24418/(-6) - (-30)/90 prime?
False
Suppose -4*o - 20 = 12. Let i be -2*(420/o)/7. Is (-6)/i - 3360/(-25) a prime number?
False
Let s(b) = b**2 - b + 263. Let c(i) = 2*i. Let z be c(2). Suppose -8*a = -z*a. Is s(a) composite?
False
Suppose -5*f + 4*a - 90 = 0, -1 = -f + 4*a - 19. Let p(j) = j**2 + 12*j + 7. Is p(f) a composite number?
True
Let c(b) = -b**3 + 27*b**2 + b - 157. Is c(18) a prime number?
True
Suppose 8*f = 2*y + 3*f - 186, -4*y = -5*f - 352. Suppose -y = -5*h + 7. Is -2*(-3)/(h/2103) composite?
False
Suppose 5*j - 8*d = -10*d + 354965, 25 = 5*d. Is j prime?
True
Suppose -c = 2*s - 6, 0*c + 5*c + 5*s - 20 = 0. Suppose 2901 = c*t + t. Is t a composite number?
False
Let m be (2196/(-21))/(6/(-42)). Let r = m - 521. Suppose 0 = -5*x - r + 986. Is x composite?
True
Let w = 149 - 82. Let t = 196 + w. Is t a prime number?
True
Suppose 5*x - 3*o = 8*x - 54900, 4*x - 73205 = -5*o. Is x composite?
True
Let g = 20583 + -12574. Is g a prime number?
True
Let u = -17 - -29. Let g be (-2)/((-8)/u)*1. Is 493/g - (-4)/(-3) prime?
True
Is (0 - (-9)/6)*29408/24 a composite number?
True
Let g be (-1)/6*-15*-2. Is 110/4*(-4)/g composite?
True
Let x be (-20 + 19)*(-12)/(-1). Is ((-267)/x)/((-2)/(-40)) prime?
False
Let b = -3779 - -6168. Is b composite?
False
Let w(y) = y**3 + 6*y**2 - 7*y + 3. Let j be w(-7). Let u be 1/j + 6/9. Suppose -q + 2*m + 100 = u, -5*q + 2*m + 455 = 0. Is q prime?
True
Let z = -1771 - -2988. Is z a prime number?
True
Let t be 12/16 - 38/8. 